12469 and 37.
37
Calculate the greatest common divisor of 7 and 119.
7
What is the greatest common divisor of 30 and 2890?
10
What is the highest common factor of 1843 and 291?
97
What is the highest common divisor of 24 and 540?
12
What is the greatest common divisor of 52 and 6942?
26
What is the greatest common divisor of 1788 and 36?
12
What is the greatest common factor of 45 and 243?
9
Calculate the greatest common factor of 229 and 1.
1
What is the highest common factor of 83 and 9?
1
Calculate the highest common factor of 3861 and 54.
27
Calculate the highest common divisor of 375 and 15825.
75
What is the greatest common divisor of 11669 and 49?
7
What is the greatest common factor of 2247 and 428?
107
Calculate the highest common factor of 144 and 522.
18
Calculate the highest common divisor of 21492 and 108.
108
Calculate the greatest common factor of 35900 and 25.
25
What is the highest common divisor of 8 and 3416?
8
Calculate the highest common factor of 279 and 62.
31
Calculate the highest common divisor of 120 and 345.
15
Calculate the greatest common divisor of 61 and 1037.
61
What is the highest common factor of 895 and 8?
1
Calculate the highest common factor of 440 and 9350.
110
Calculate the greatest common divisor of 2 and 55.
1
What is the highest common divisor of 35 and 3815?
35
What is the greatest common divisor of 274 and 5069?
137
Calculate the highest common factor of 60 and 1880.
20
What is the highest common factor of 48 and 174?
6
What is the highest common divisor of 3375 and 975?
75
What is the highest common factor of 364 and 273?
91
Calculate the greatest common factor of 888 and 24.
24
Calculate the highest common divisor of 290 and 10.
10
Calculate the highest common factor of 833 and 17.
17
What is the greatest common divisor of 6 and 657?
3
What is the highest common divisor of 2615 and 10?
5
What is the highest common divisor of 603 and 153?
9
Calculate the highest common divisor of 236 and 4838.
118
What is the greatest common divisor of 40 and 20?
20
Calculate the greatest common divisor of 2059 and 29.
29
Calculate the highest common factor of 245 and 343.
49
What is the greatest common factor of 4 and 92?
4
Calculate the greatest common factor of 98 and 245.
49
Calculate the highest common factor of 1064 and 56.
56
Calculate the highest common factor of 2032 and 16.
16
Calculate the greatest common factor of 544 and 1496.
136
What is the greatest common divisor of 1088 and 68?
68
What is the greatest common factor of 130 and 7202?
26
Calculate the greatest common factor of 1454 and 2.
2
Calculate the highest common factor of 888 and 4662.
222
Calculate the highest common divisor of 384 and 12.
12
What is the highest common factor of 21 and 1701?
21
Calculate the highest common divisor of 29 and 58.
29
Calculate the greatest common factor of 114 and 1248.
6
Calculate the greatest common factor of 2250 and 990.
90
Calculate the greatest common factor of 273 and 1512.
21
What is the greatest common divisor of 37 and 2?
1
Calculate the highest common factor of 38 and 152.
38
Calculate the greatest common divisor of 224 and 6304.
32
What is the greatest common divisor of 1140 and 420?
60
What is the greatest common divisor of 4263 and 87?
87
Calculate the greatest common factor of 215 and 20.
5
Calculate the greatest common divisor of 408 and 3332.
68
What is the greatest common factor of 26 and 2626?
26
Calculate the greatest common factor of 192 and 54.
6
What is the highest common divisor of 195 and 65?
65
Calculate the greatest common factor of 203 and 49.
7
Calculate the highest common divisor of 148 and 37.
37
Calculate the highest common factor of 270 and 60.
30
Calculate the highest common factor of 246 and 24.
6
Calculate the greatest common divisor of 100 and 950.
50
Calculate the highest common factor of 26 and 3198.
26
Calculate the highest common divisor of 237 and 2449.
79
Calculate the highest common divisor of 243 and 54.
27
Calculate the highest common divisor of 290 and 310.
10
What is the highest common divisor of 33 and 4279?
11
Calculate the greatest common divisor of 589 and 31.
31
Calculate the greatest common factor of 112 and 6482.
14
What is the highest common factor of 2584 and 459?
17
Calculate the greatest common factor of 946 and 88.
22
What is the greatest common factor of 48 and 112?
16
What is the highest common divisor of 21219 and 33?
33
Calculate the highest common divisor of 45 and 42300.
45
Calculate the highest common divisor of 8 and 296.
8
What is the highest common factor of 114 and 171?
57
Calculate the highest common factor of 3098 and 2.
2
Calculate the greatest common factor of 11659 and 1703.
131
Calculate the greatest common factor of 172 and 19264.
172
What is the highest common divisor of 1740 and 120?
60
Calculate the highest common factor of 356 and 12.
4
What is the greatest common divisor of 5037 and 207?
69
What is the highest common factor of 6281 and 11?
11
Calculate the greatest common factor of 2360 and 118.
118
Calculate the highest common factor of 28 and 84.
28
What is the greatest common factor of 264 and 2684?
44
Calculate the highest common factor of 5 and 2540.
5
Calculate the greatest common factor of 68 and 1326.
34
Calculate the greatest common divisor of 210 and 385.
35
Calculate the highest common divisor of 52 and 12.
4
Calculate the greatest common factor of 23 and 299.
23
Calculate the greatest common factor of 1 and 64.
1
Calculate the highest common factor of 42 and 12.
6
What is the highest common divisor of 51 and 2703?
51
Calculate the greatest common factor of 44 and 330.
22
Calculate the greatest common divisor of 18967 and 13.
13
Calculate the greatest common factor of 32 and 7328.
32
Calculate the highest common divisor of 54 and 6966.
54
Calculate the highest common divisor of 4551 and 888.
111
Calculate the greatest common divisor of 516 and 264.
12
Calculate the greatest common factor of 239 and 1.
1
Calculate the highest common factor of 285 and 17955.
285
Calculate the greatest common factor of 30 and 770.
10
What is the greatest common divisor of 471 and 2198?
157
What is the highest common factor of 903 and 645?
129
What is the highest common divisor of 18 and 642?
6
Calculate the highest common factor of 8520 and 180.
60
What is the greatest common divisor of 63583 and 26?
13
What is the highest common divisor of 272 and 153?
17
What is the greatest common factor of 22 and 858?
22
What is the greatest common divisor of 64 and 1088?
64
What is the greatest common divisor of 671 and 132?
11
Calculate the highest common divisor of 90 and 260.
10
Calculate the highest common factor of 8611 and 316.
79
Calculate the greatest common factor of 19428 and 36.
12
Calculate the greatest common divisor of 15 and 2355.
15
Calculate the greatest common divisor of 1386 and 70.
14
Calculate the greatest common divisor of 2006 and 408.
34
What is the highest common factor of 22 and 118?
2
What is the highest common divisor of 378 and 9?
9
Calculate the highest common factor of 5742 and 11.
11
Calculate the greatest common factor of 144 and 32.
16
What is the greatest common divisor of 12 and 900?
12
What is the highest common divisor of 87 and 6177?
87
What is the greatest common factor of 999 and 108?
27
What is the greatest common divisor of 1166 and 176?
22
Calculate the greatest common factor of 28 and 322.
14
What is the greatest common factor of 1660 and 20?
20
Calculate the greatest common factor of 22 and 649.
11
Calculate the highest common factor of 108 and 60.
12
What is the greatest common divisor of 27 and 23679?
27
Calculate the greatest common factor of 40 and 370.
10
What is the highest common factor of 2585 and 110?
55
What is the greatest common factor of 60 and 7180?
20
Calculate the highest common factor of 9 and 45.
9
What is the greatest common divisor of 63 and 19761?
21
Calculate the highest common factor of 1199 and 1.
1
Calculate the highest common divisor of 155 and 85.
5
Calculate the greatest common factor of 2968 and 56.
56
What is the greatest common factor of 608 and 80?
16
What is the highest common divisor of 6 and 15?
3
What is the greatest common divisor of 5141 and 776?
97
What is the grea